
3 - (10 + -5 - 4)
2
What is 15 - (10 + -11) - 10?
6
Calculate -1 + 2 + -2 - -4.
3
-5 - (-4 - 0) - 1
-2
(1 + 3 - 2) + (3 - 4)
1
What is the value of -1 + (10 + -1 - 3)?
5
Calculate -4 - (0 + -2 + (-1 - 3)).
2
Calculate -4 + (-14 - -7 - -15).
4
16 - 15 - (-2 - -1)
2
-11 + (3 - -5) - 0
-3
What is the value of -3 + (-2 - -2 - 0) + 1?
-2
-33 - -16 - (-15 - -1)
-3
What is -4 - (4 + -11) - 11 - -7?
-1
Calculate -1 - -15 - 5 - 4.
5
What is the value of -6 + (2 - (1 - 1 - 1))?
-3
What is (-6 - (1 - 4)) + 0?
-3
4 - ((-1 - -2) + -1)
4
What is the value of -3 + -1 + -5 + (-7 - -14)?
-2
2 - (-4 - -7 - (0 + 7))
6
0 - (12 + -2 + -5) - -5
0
What is the value of 0 + -5 - (-9 - -1)?
3
What is 2 - 8 - (1 - -4 - 8)?
-3
What is the value of 20 + -19 - (1 + -2 + 3)?
-1
What is the value of 1 - 2 - (-31 - -32)?
-2
2 + (7 - -5 - 4) - 7
3
What is the value of (-3 - (5 - -2)) + 5?
-5
What is (1 - (-2 - 0)) + (1 - -1)?
5
Evaluate (-1 - -5) + 42 + -46.
0
Evaluate 1 + 0 + -5 + -1.
-5
Evaluate 0 + 3 + 0 - 7.
-4
Calculate (-1 + -12 - (-7 + 2)) + 3.
-5
What is -9 - (-18 + (3 - -4))?
2
What is the value of -3 + -3 - -7 - (7 - 1)?
-5
Evaluate 6 - 2 - 11 - (-37 - -32).
-2
What is the value of 3 - (1 - (3 + -6)) - 0?
-1
Evaluate (9 + (-16 - -8) - -5) + -12.
-6
What is the value of (-5 - -8) + -14 + 5?
-6
What is 1 + -5 + 2 + -3?
-5
Calculate (-140 - -156) + (0 - 7).
9
3 + -5 - -7 - 1
4
Evaluate 3 - (4 - 8 - (0 + -3)).
4
What is the value of 6 - ((25 - 19) + -4 + 0)?
4
What is -2 - (2 + -8 - -4)?
0
What is the value of -1 - (-8 + 9 + -4 - -3)?
-1
(3 - 7) + 3 + 0
-1
Calculate -6 - (-10 - (-6 - 2)).
-4
Calculate (-3 - (-4 - 0)) + 1 + -8.
-6
3 + (10 + -19 - -10)
4
What is -6 + 3 + 4 - -1?
2
Calculate (5 - 5 - -6) + (0 - 3).
3
Evaluate -8 - (-4 + 11 + -11 - 7).
3
-52 - -43 - (1 + -2 - 3)
-5
Calculate -8 - (4 + 8 + (-30 - -6)).
4
Evaluate 5 - (35 + -31 + -1 + -1).
3
-9 + 2 + (-5 - -9)
-3
Evaluate -18 - -15 - (0 - 1).
-2
What is -14 + 7 - (-2 - (7 - 10))?
-8
What is (1 - (2 - -3)) + 9?
5
What is 9 + -1 + -7 + -3?
-2
Evaluate -4 - (0 + -6 + 3 - -4).
-5
25 + -34 - (3 - 17)
5
What is the value of (16 - 9) + 1 - (6 + 0)?
2
2 + -4 + 7 + -5
0
What is -18 + 11 + (3 - -1)?
-3
Calculate (2 - (9 + -4)) + (0 - -2).
-1
Calculate 62 + -65 + 1 + -2.
-4
Evaluate 14 - 10 - (0 + 0 - -2).
2
Evaluate -19 + 25 - (1 + 2) - 5.
-2
-6 + 2 + -2 + 2
-4
Evaluate -2 + (13 - (4 + -3 + 3)).
7
Calculate (-10 - -7) + -2 + 2 + 4.
1
Calculate 4 - (-1 + (12 - 8) - 0).
1
What is 9 + 1 - (2 + 5)?
3
What is -7 - (2 - 5 - -3 - 2)?
-5
What is -5 - (-6 + -7) - (0 - -2)?
6
Evaluate (5 + -7 - 4) + 6.
0
What is 86 + -85 + -1 + -4 + -1?
-5
What is the value of 2 + (-36 + 23 - (-2 + -3))?
-6
Calculate 3 + (-7 + 2 - -1).
-1
What is -1 - (10 + (-7 - (-6 - -2)))?
-8
Calculate -13 - -7 - (-7 + 4).
-3
Evaluate 3 + -9 + 8 + -12 + 4.
-6
What is the value of 4 - (-3 + 0 - (-1 + -5))?
1
Evaluate (-1 + 3 - (7 - 1)) + 2.
-2
What is (21 + -24 - (-9 + -1)) + -5?
2
Evaluate 11 - 11 - (3 + 0) - -2.
-1
Evaluate 4 + (2 + -2 + 1 - 3).
2
Calculate 0 + -3 - (-8 - -1).
4
What is 0 + (10 - 6) + (-2 - 0)?
2
Evaluate -7 + -2 + (-3 + 7 - 3).
-8
(-6 - 2) + (79 - 79)
-8
(-10 - -3) + (8 - 1)
0
Evaluate 13 + -10 + 4 + -3.
4
Calculate 3 - (-2 + 8) - -3.
0
Evaluate -6 + 1 + (-121 - -121).
-5
Calculate -9 + (9 - -1) + -5.
-4
What is -9 + 9 + (6 - 2) - 3?
1
What is -7 + -4 + 4 + 2 + 0?
-5
What is the value of 1 - 5 - -3 - (-8 + 7)?
0
What is 0 + -1 + 1 + -1?
-1
5 - (-3 + -1) - 13
-4
What is (1 - -13 - 2) + -6 - 4?
2
Calculate -10 + (4 - -2 - 6 - -4).
-6
3 + 7 + (-12 - 1)
-3
What is the value of -10 + 5 - (-2 + -3) - -4?
4
-7 + (7 - (0 + -3 + 6))
-3
Evaluate 3 + (9 - 5 - -1 - 3).
5
Calculate (-6 - (-11 + 4)) + -3.
-2
Evaluate 5 + -1 + -2 + -1 + -2.
-1
Evaluate -2 + (3 - -1) + 0.
2
What is the value of -13 + 8 + 0 + 9?
4
What is the value of 3 + (-6 - -1) + -1?
-3
Calculate 2 - (3 - 0 - (7 - 5)).
1
What is the value of 6 + -5 + -8 + 3?
-4
Evaluate (2 - (1 - (0 + -2))) + 0.
-1
What is (-1 - -1) + 19 + -15?
4
What is 3 + (1 - (2 + 2)) + 5?
5
-3 + 9 - (3 - (2 + -1))
4
3 - (15 + 8 + -15)
-5
What is the value of (5 - -2) + 2 + -2 + -3?
4
Evaluate -2 - (4 + -1 + -4).
-1
29 - 37 - (1 + -6)
-3
Calculate -10 - 4 - (3 - 11).
-6
Evaluate -4 + 4 + 13 + -8.
5
Evaluate -1 + (-4 - (-4 + -5)).
4
Calculate -4 - (16 - 8) - -6.
-6
(-3 - (1 - 6)) + 3 + -9
-4
Evaluate -4 + 1 + (-4 - -7).
0
Calculate 3 - (1 - -1) - 1.
0
What is 8 - 1 - (3 + 2)?
2
What is 8 - (-13 + 9 + 5)?
7
What is the value of (-12 - (-9 + 3)) + 7?
1
Calculate (-23 - -14 - -16) + 1 + -6.
2
What is the value of (-8 + 3 - -6) + -1?
0
Evaluate (15 - 7 - 16) + 7.
-1
Evaluate 2 + -1 - (10 - 11).
2
Evaluate 1 + (3 - 1 - 8).
-5
6 - (-3 + 6) - (11 + -5)
-3
What is -12 - -19 - (-2 - -1)?
8
What is -5 + (1 - -5) - -7?
8
0 + -1 + -4 - -2
-3
What is -9 + (1 - 2 - -7)?
-3
Calculate -7 + (14 - -3) + -6.
4
Calculate -3 + (-5 - 2) + 14 - -4.
8
Calculate 0 + 1 - 3 - (-31 + 25).
4
What is -3 + 2 + (-6 + 6 - -1)?
0
What is the value of (-1 - -1 - 3 - -3) + -6?
-6
What is the value of -3 + -6 + 5 + -2 + 4?
-2
What is 0 - 1 - -1 - (-7 + 6)?
1
6 + -7 + 2 + 3
4
-10 + -1 + 6 + 10
5
What is 4 + (1 - 5) + -2?
-2
(-48 - -58) + (-1 - 1) - 2
6
-6 - -6 - (-3 + 9)
-6
Evaluate -4 - (-12 - -5 - -5).
-2
What is -8 + 2 + -25 + 36?
5
What is the value of 9 - (8 - 4) - -2?
7
Calculate 0 - -2 - (40 + -35).
-3
What is the value of -1 + 4 + 3 + -3?
3
Calculate (4 - (-6 + 8)) + -7.
-5
Evaluate 7 + (3 - 6) - -1.
5
What is the value of -3 - ((0 - -3) + -3)?
-3
Calculate 9 + 10 + -7 + -16.
-4
What is 15 - (-10 + 17 - (2 - 2))?
8
(3 - -11 - 9) + (-2 - 1)
2
Calculate -5 + -5 + 6 - -3.
-1
Calculate 2 - (2 - 4) - (13 + 0).
-9
What is the value of -4 + 1 + 2 - (0 - -4)?
-5
(-55 - -49) + 7 + 0
1
What is 0 + -3 + 2 + -3?
-4
Calculate 3 + (10 - 10 - 2).
1
What is (-11 + 28 - 9) + -12?
-4
What is -7 - (3 + -3 + 1) - -3?
-5
What is -1 - -7 - (23 + -18)?
1
Calculate (-9 - -7) + (1 - 0) + 0.
-1
5 - (10 - (1 - -4))
0
(-3 + (-3 - -5) - -8) + 1
8
Evaluate (12 - 12) + (-1 - -2).
1
Evaluate -3 - (-2 + -16 + 10).
5
Evaluate -6 + 19 + (3 - 10).
6
14 + (-9 - (5 - 7))
7
Calculate -3 + 1 + 2 - 2.
-2
Evaluate 11 - (11 - 4 - -8).
-4
Evaluate 0 + 3 + 1 - 5 - 4.
-5
Calculate -7 - (9 + -23) - (3 + -4).
8
Evaluate 2 + 1 - (-3 + 1).
5
Calculate (-177 - -176) + (-3 - (1 + -2)).
-3
(-1 - 0 - -7) + -8
-2
Calculate 4 + (2 + 3 - 4).
5
What is the value of -4 - (3 + 1 + 0 + -3)?
-5
What is the value of (1 - (5 - 6)) + 2 + 1?
5
What is (0 - 3) + (-57 - -63)?
3
What is 1 - (1 + 1 + -4)?
3
Calculate 4 + 1 - (-59 + 64).
0
-10 - -12 - (4 + -1)
-1
(7 - 8 - 1) + 2 - 2
-2
Evaluate -9 + (10 - -3) + -4.
0
Evaluate (-49 - -46) + (10 - 2).
5
-4 - 0 - ((12 - 0) + -19)
3
What is the value of (-3 - 1) + (1 + 9 - 4)?
2
2 + (1 - 1) + -5
-3
-14 + 9 + 0 + (-5 - -3)
-7
Calculate (0 + -1 - 5) + 9.
3
What is 2 + (0 - (0 + 3))?
-1
What is -1 + 3 - -2 - (7 - 3)?
0
Calculate -2 - (8 + (-2 - 3)).
-5
What is -10 + (-9 - -2) - -9?
-8
What is the value of -1 - (-14 - -6 - -4)?
3
What is the value of (-8 + 22 - 7) + -10?
-3
What is 2 + 14 + (9 - 18)?
7
Evaluate -5 + (-7 - 4) + 10.
-6
Evaluate -10 + 16 + -3 + 1.
4
What is (-4 - -1) + 3 + -5 + 8?
3
-3 + 1 - (-5 - (-3 + -2))
-2
What is the value of 10 + -5 - (-1 + 1 + 3)?
2
Evaluate -2 + 10 + -6 + -5 - -1.
-2
What is 7 + -5 + 3 + 0?
5
What is the value of 0 + (-1 - 2) - (12 - 12)?
-3
What is the value of (-6 - -3) + 1 - (2 - 5)?
1
Calculate 4 + -3 + 2 - 8.
-5
Evaluate 4 + -3 + (-1 - -1).
1
What is 7 - (4 + 4 + -2 + -4)?
5
What is 9 + (14 - 2) + -15?
6
What is the value of 6 + (-6 - (-2 + -3))?
5
Evaluate -2 - 2 - (-1 - 1).
-2
What is the value of (7 + -2 - 3) + 2?
4
Evaluate -20 + 17 + -14 + 8.
-9
What is 6 + -16 + (20 - 15)?
-5
Calculate -36 + 33 - ((-2 - -2) + -3).
0
Evaluate (2 - 4) + (-3 - (-5 + 2)).
-2
What is 5 + (-2 - 6) + -2 + 5?
0
5 + 0 + -5 + -3
-3
What is (20 - (13 - 3)) + 0?
10
Evaluate (-12 - (-8 + 4)) + 2.
-6
Evaluate 2 - 7 - (0 + -8) - 6.
-3
What is the value of 1 - (-2 - -5) - -3 - 3?
-2
What is 8 + -1 - (9 + -6 + -1)?
5
Calculate (2 - 3) + 2 + 1 + 3.
5
What is the value of (0 - 2) + (0 - -1 - -1)?
0
What is the value of (3 - 8) + 5 + -2?
-2
Evaluate 0 + 3 + -3 + -1 + -1.
-2
Calculate 3 + (-7 - -3) - -2.
1
Evaluate -8 + (-5 - -8) + 3.
-2
Evaluate -3 + -7 +